
Let s(n) = -3*n + 29. Calculate s(12).
-7
Let s(x) = -x**2 + 17*x - 7. What is s(17)?
-7
Let k(x) = -x**3 - 8*x**2 - 6*x. What is k(-4)?
-40
Let p(j) = -j**2 - 11*j + 12. What is p(-12)?
0
Let p(g) = -4*g + 4. Determine p(3).
-8
Let q(d) = d**2 + 3. Calculate q(0).
3
Let w(t) = -4*t**3 + 4*t**2 - 5*t + 4. Determine w(2).
-22
Let h(l) = 5*l**2 - 2*l + 5. Calculate h(2).
21
Let j(a) = -a**3 + a**2 + a - 2. Give j(0).
-2
Let j(l) = l**2. Give j(-1).
1
Let d(z) = -5*z + 12. What is d(9)?
-33
Let o(t) = t**3 + 6*t**2 - 2. Determine o(-5).
23
Let t(x) = -19*x**2 - 230*x - 4. Give t(-12).
20
Let y(m) = -77*m + 376. Determine y(5).
-9
Let h(p) = 10*p**2 - 2*p - 3. Give h(-2).
41
Let m(v) = v + 3. Calculate m(-4).
-1
Let v(a) = 7*a**3 + a**2 - a + 1. Give v(1).
8
Let b(g) = g**3 - 8*g**2 - 26*g + 18. Give b(11).
95
Let j(v) = v**3 + 15*v**2 - 3. What is j(-15)?
-3
Let q(f) = f**2 - 5*f - 6. Give q(7).
8
Let i(z) = 2*z - 14. Determine i(7).
0
Let x(q) = q**2 - 5*q - 9. What is x(-2)?
5
Let x(r) = 5*r**3 - 5*r**2 + r + 2. Determine x(3).
95
Let q(f) = -4*f + 18. Give q(-5).
38
Let k(u) = -53*u + 265. What is k(5)?
0
Let j(w) = w**2 + 7*w + 5. Give j(-4).
-7
Let j(s) = -24*s + 178. Give j(6).
34
Let i(t) = t**2 - 8*t + 17. Determine i(7).
10
Let w(x) = -2*x**2 - 10*x + 6. Determine w(-8).
-42
Let x(g) = -g**3 + 2*g**2 - 3*g + 22. Give x(3).
4
Let i(v) = v**3 - 6*v**2 + 5*v - 3. Determine i(4).
-15
Let t(y) = -5*y + 37. Calculate t(10).
-13
Let r(g) = 6*g**3 + g**2 - 4*g - 1. What is r(2)?
43
Let k(f) = -f - 1. Give k(-8).
7
Let y(q) = -2*q**3 + 24*q**2 - 20*q - 23. Determine y(11).
-1
Let k(f) = 3*f - 19. Give k(9).
8
Let x(p) = -p**3 + 14*p**2 - 14*p - 7. Determine x(13).
-20
Let r(h) = -4*h - 36. Give r(-18).
36
Let i(b) = b**3 - 7*b**2 + 7*b - 21. What is i(6)?
-15
Let h(k) = k**2 - 20*k + 66. What is h(17)?
15
Let v(m) = -11*m + 6. Calculate v(-6).
72
Let h(u) = -2*u - 16. Calculate h(-11).
6
Let z(q) = 9*q - 26. What is z(0)?
-26
Let a(f) = 4*f - 30. Calculate a(6).
-6
Let o(u) = u**3 - 4*u**2 - 11*u - 7. Calculate o(6).
-1
Let a(i) = i**3 + 20*i**2 + 16*i + 14. Calculate a(-19).
71
Let p(z) = z + 17. What is p(-17)?
0
Let n(u) = u**3 - 4*u**2 - 5*u - 3. Determine n(5).
-3
Let d(q) = q**3 + 8*q**2 + 12*q + 22. Calculate d(-7).
-13
Let q(m) = -2*m. What is q(-9)?
18
Let g(c) = -c**3 - 7*c**2 + c - 10. Calculate g(-7).
-17
Let d(p) = -21*p**3 - 2*p - 1. Give d(-1).
22
Let x(s) = s**2 + 24*s + 135. Give x(-14).
-5
Let f(c) = -c**3 - 25*c**2 + 18*c - 216. Determine f(-26).
-8
Let s(v) = -10*v + 37. Determine s(0).
37
Let c(w) = -5*w + 50. Determine c(-6).
80
Let x(w) = -w**3 - 3*w**2 + w - 2. Determine x(-3).
-5
Let p(s) = 3*s - 8. Determine p(-4).
-20
Let n(z) = z**2 - 11. Determine n(4).
5
Let t(o) = o - 15. Give t(-10).
-25
Let v(h) = 2*h**2 - 4*h + 5. What is v(3)?
11
Let o(g) = -2*g**2 + 15*g - 19. What is o(6)?
-1
Let o(f) = -2*f**2 - 4*f + 1. What is o(5)?
-69
Let l(o) = -o + 35. Determine l(13).
22
Let j(a) = a**2 + 2*a. What is j(-2)?
0
Let k(h) = 2*h - 21. Calculate k(8).
-5
Let x(f) = -f**3 + 9*f**2 - 7*f - 7. Give x(8).
1
Let n(o) = o + 11. Calculate n(-5).
6
Let r(d) = 10*d - 27. Determine r(12).
93
Let w(j) = -j**2 - 9*j + 6. Calculate w(-8).
14
Let r(g) = 2*g**3 - 25*g**2 + 32*g - 4. Give r(11).
-15
Let y(u) = -u - 17. Calculate y(-11).
-6
Let c(t) = -6*t - 23. What is c(-4)?
1
Let t(q) = -2*q**2 + 20*q - 14. Give t(9).
4
Let d(a) = a**3 + 5*a**2 - 4*a - 2. What is d(-6)?
-14
Let w(b) = -b**3 - b**2 - b + 1. What is w(1)?
-2
Let o(i) = -i**3 + 11*i**2 + 30*i - 31. Give o(13).
21
Let l(o) = -o**2 - 5*o + 6. Calculate l(-5).
6
Let p(f) = 5*f**2 + 59*f - 8. Determine p(-12).
4
Let o(i) = -2*i + 5. Determine o(8).
-11
Let d(y) = -5*y**2 - 45*y + 43. Give d(-10).
-7
Let b(r) = 3*r**3 - 3*r**2 + 2*r - 2. Determine b(2).
14
Let j(s) = 47*s + 1. Determine j(-1).
-46
Let d(m) = 6*m**2 + 47*m - 4. Calculate d(-8).
4
Let n(h) = h**2 + 11*h + 7. Give n(-8).
-17
Let q(g) = -3*g**3 + 5*g**2 - 6*g + 8. Give q(3).
-46
Let y(q) = 2*q**3 + 4*q**2 - 3*q - 9. Calculate y(-3).
-18
Let v(n) = -n**2 + 11*n - 1. Give v(8).
23
Let d(q) = -31*q - 50. Calculate d(-2).
12
Let h(u) = -4*u**2 - 9*u - 9. Determine h(-2).
-7
Let g(t) = -t**3 + t**2 + t + 6. What is g(0)?
6
Let b(p) = -p**2 + 12*p + 8. Give b(11).
19
Let q(c) = -4*c - 100. Calculate q(-29).
16
Let w(k) = -k**2 + 13*k - 3. What is w(9)?
33
Let c(q) = -3*q**2 - 33*q + 112. Determine c(3).
-14
Let s(c) = 6*c + 71. Calculate s(-7).
29
Let j(s) = s - 13. What is j(13)?
0
Let a(r) = -3*r**3 - 5*r**2 + 7*r - 7. What is a(3)?
-112
Let n(l) = 2*l**2 + 111*l - 171. Determine n(-57).
0
Let y(m) = -27*m**2 + m - 1. Calculate y(-1).
-29
Let r(w) = w**2 - 6*w + 2. Determine r(4).
-6
Let z(l) = -l**2 + 7*l. Give z(5).
10
Let k(i) = 4*i**2 + 59*i - 13. Give k(-15).
2
Let h(n) = 2*n**2 - 5*n + 32. Determine h(3).
35
Let r(x) = -15*x. Give r(-2).
30
Let r(u) = -u**2 - 22*u + 26. Determine r(-21).
47
Let v(x) = x**3 - 8*x**2 + 3*x - 4. What is v(8)?
20
Let c(g) = -5*g**2 - 12*g - 29. Give c(-5).
-94
Let w(k) = -k**3 - 20*k**2 + 3*k + 38. Calculate w(-20).
-22
Let x(g) = g**3 + 3*g - 2. What is x(2)?
12
Let k(u) = 2*u - 24. What is k(0)?
-24
Let h(y) = y**3 - 10*y**2 - 6*y + 7. Calculate h(9).
-128
Let g(w) = -3*w + 3. Determine g(4).
-9
Let g(m) = -m**3 - 6*m**2 - 12*m - 5. Determine g(-6).
67
Let o(j) = j + 24. Determine o(18).
42
Let i(u) = u**2 - 11*u + 13. Calculate i(12).
25
Let c(f) = 3*f + 10. What is c(4)?
22
Let p(t) = t**3 - 25*t**2 - 24*t - 45. What is p(26)?
7
Let d(l) = -23*l + 5. Determine d(0).
5
Let p(z) = -z**2 - 4*z - 4. Calculate p(-3).
-1
Let x(b) = 14*b + 46. Calculate x(-12).
-122
Let s(z) = z**3 - 8*z**2 - 16*z - 22. Give s(10).
18
Let j(a) = a**3 - 44*a**2 - 141*a - 8. What is j(47)?
-8
Let z(b) = -b**3 + 4*b**2 + 9*b + 10. What is z(6)?
-8
Let u(c) = -246*c - 995. Give u(-4).
-11
Let x(s) = -s**3 + 11*s**2 + 14*s - 15. Determine x(12).
9
Let m(g) = -2*g - 9. Determine m(0).
-9
Let i(u) = u**3 - 25*u**2 + 128*u - 30. Give i(18).
6
Let r(m) = 8*m - 119. Calculate r(15).
1
Let a(i) = -7*i - 3. Determine a(-1).
4
Let f(c) = 2*c**3 - 2*c**2 - c + 4. Give f(3).
37
Let o(r) = -7*r - 1. Calculate o(-3).
20
Let x(i) = i**3 + 2*i**2 - 3*i + 2. Calculate x(-4).
-18
Let r(y) = -2*y**3 + 23*y**2 + 36*y + 25. Give r(13).
-14
Let f(j) = -j**2 + 4*j + 11. What is f(4)?
11
Let h(w) = -3*w + 80. Calculate h(26).
2
Let n(h) = -4*h - 14. Calculate n(-7).
14
Let a(k) = -k**2 - 9*k + 64. Determine a(-15).
-26
Let g(y) = -3*y**3 - 2*y**2 - y. Give g(-1).
2
Let x(r) = -3*r**3 + 4*r**2 - 4*r + 3. Calculate x(2).
-13
Let n(m) = -78*m - 395. Give n(-5).
-5
Let r(o) = 2*o**3 + 24*o**2 + 18*o - 42. Give r(-11).
2
Let t(d) = -d - 2. What is t(-8)?
6
Let x(t) = -3*t**3 - 10*t**2 - 3*t. Calculate x(-3).
0
Let f(p) = -p**2 + 23*p - 57. Give f(20).
3
Let p(f) = -f**3 + 4*f**2 + f - 5. What is p(3)?
7
Let y(x) = -x**3 - 10*x**2 - 10*x - 2. Give y(-9).
7
Let c(j) = 20*j - 7. Give c(-4).
-87
Let k(x) = x + 32. Give k(9).
41
Let d(i) = i**2 - 19*i + 11. Give d(19).
11
Let s(d) = -12*d + 19. Give s(5).
-41
Let p(v) = 2*v + 1. Give p(5).
11
Let f(w) = -7*w + 18. Calculate f(3).
-3
Let y(g) = -g**2 - g - 2. What is y(-6)?
-32
Let h(q) = q**3 - 39*q + 7. What is h(-6)?
25
Let q(m) = -m**2 - 14*m - 8. Calculate q(-14).
-8
Let k(d) = 17*d**3 - 2*d**2 + 2*d - 1. Calculate k(1).
16
Let b(l) = 3*l**3 - 5*l**2 - 2*l. Calculate b(4).
104
Let f(a) = -a**3 + 11*a**2 + 2*a - 21. Calculate f(11).
1
Let f(g) = 3*g**2 + 22*g - 92. Give f(4).
44
Let u(f) = -5*f - 121. Calculate u(-23).
-6
Let b(a) = a - 7. Calculate b(15).
8
Let v(n) = -7*n**3 - 6*n**2 + 4*n + 3. What is v(-1)?
0
Let w(s) = -s**3 + 13*s**2 + 45*s + 41. Give w(16).
-7
Let h(m) = -9*m**2 + 2*m + 2. What is h(3)?
-73
Let h(r) = -r**3 + 2*r**2 + 2*r - 5. What is h(3)?
-8
Let s(b) = -b**3 + 2*b**2 - b - 1. What is s(-2)?
17
Let x(u) = -2*u**2 + 20*u - 32. Give x(2).
0
Let b(s) = s**3 - s**2 + s + 19. What is b(0)?
19
Let j(v) = -6*v - 3. What is j(-1)?
3
Let g(b) = b**3 - 15*b**2 + 11*b + 27. Give g(14).
-15
Let a(h) = 2*h**2 - 15*h + 1. Give a(4).
-27
Let x(f) = -f**3 + 3*f**2 - 3. Give x(2).
1
Let i(x) = -3*x - 14. Determine i(5).
-29
Let s(t) = -t**3 - 3*t**2 + 10*t + 5. Give s(-5).
